{"id":21740,"date":"2025-09-09T18:14:11","date_gmt":"2025-09-09T18:14:11","guid":{"rendered":"https:\/\/www.hormigaemergente.com.ar\/2025\/?post_type=product&#038;p=21740"},"modified":"2025-10-28T19:11:40","modified_gmt":"2025-10-28T19:11:40","slug":"proyecto-departamento","status":"publish","type":"product","link":"https:\/\/www.hormigaemergente.com.ar\/2025\/producto\/proyecto-departamento\/","title":{"rendered":"Proyecto Departamento"},"content":{"rendered":"<p>\u2728 Proyecto Departamento \u2728<br \/>\nEn este departamento buscamos crear un espacio que combine funcionalidad, dise\u00f1o y calidez hogare\u00f1a. Para ello incorporamos dos piezas ic\u00f3nicas: la mesa Borges, ideal como escritorio de l\u00edneas simples y elegantes, y la mesa Cono, que aporta un toque distintivo y moderno al ambiente.<\/p>\n<p>Ambas mesas dialogan entre s\u00ed, equilibrando lo pr\u00e1ctico y lo est\u00e9tico, generando rincones que invitan tanto al trabajo como al relax. Un proyecto donde el mobiliario se adapta al d\u00eda a d\u00eda, sin perder el estilo y la personalidad que caracterizan a cada espacio.<\/p>\n","protected":false},"excerpt":{"rendered":"<p>\u2728 Proyecto Departamento \u2728 En este departamento buscamos crear un espacio que combine funcionalidad, dise\u00f1o y calidez hogare\u00f1a. Para ello<\/p>\n","protected":false},"featured_media":21681,"comment_status":"closed","ping_status":"closed","template":"","meta":{"_joinchat":[]},"product_brand":[],"product_cat":[480],"product_tag":[427,170,210,267,197,194,162,161],"class_list":{"0":"post-21740","1":"product","2":"type-product","3":"status-publish","4":"has-post-thumbnail","6":"product_cat-proyectos","7":"product_tag-accesorios-para-muebles-modernos","8":"product_tag-escritorio-caballete","9":"product_tag-mesa-a-medida","10":"product_tag-mesa-clasica","11":"product_tag-mesa-minimalista","12":"product_tag-mesa-organica","13":"product_tag-mesa-organicas","14":"product_tag-mesa-originales","16":"first","17":"instock","18":"shipping-taxable","19":"product-type-simple"},"_links":{"self":[{"href":"https:\/\/www.hormigaemergente.com.ar\/2025\/wp-json\/wp\/v2\/product\/21740","targetHints":{"allow":["GET"]}}],"collection":[{"href":"https:\/\/www.hormigaemergente.com.ar\/2025\/wp-json\/wp\/v2\/product"}],"about":[{"href":"https:\/\/www.hormigaemergente.com.ar\/2025\/wp-json\/wp\/v2\/types\/product"}],"replies":[{"embeddable":true,"href":"https:\/\/www.hormigaemergente.com.ar\/2025\/wp-json\/wp\/v2\/comments?post=21740"}],"wp:featuredmedia":[{"embeddable":true,"href":"https:\/\/www.hormigaemergente.com.ar\/2025\/wp-json\/wp\/v2\/media\/21681"}],"wp:attachment":[{"href":"https:\/\/www.hormigaemergente.com.ar\/2025\/wp-json\/wp\/v2\/media?parent=21740"}],"wp:term":[{"taxonomy":"product_brand","embeddable":true,"href":"https:\/\/www.hormigaemergente.com.ar\/2025\/wp-json\/wp\/v2\/product_brand?post=21740"},{"taxonomy":"product_cat","embeddable":true,"href":"https:\/\/www.hormigaemergente.com.ar\/2025\/wp-json\/wp\/v2\/product_cat?post=21740"},{"taxonomy":"product_tag","embeddable":true,"href":"https:\/\/www.hormigaemergente.com.ar\/2025\/wp-json\/wp\/v2\/product_tag?post=21740"}],"curies":[{"name":"wp","href":"https:\/\/api.w.org\/{rel}","templated":true}]}}