{"id":2470,"date":"2021-07-09T15:42:46","date_gmt":"2021-07-09T15:42:46","guid":{"rendered":"http:\/\/hormigaemergente.com.ar\/wp2\/?post_type=product&#038;p=2470"},"modified":"2025-05-29T07:37:02","modified_gmt":"2025-05-29T07:37:02","slug":"panel-organizador","status":"publish","type":"product","link":"https:\/\/www.hormigaemergente.com.ar\/2025\/producto\/panel-organizador\/","title":{"rendered":"Panel Organizador"},"content":{"rendered":"<p>Panel organizador de escritorio.<\/p>\n<p>Red met\u00e1lica, pintada epoxi blanco o negro.<\/p>\n<p>Medidas: 100 cm x 60 cm.<\/p>\n<p>Medidas de reja entre cuadrados: 10 x 10<\/p>\n<p>Tarjeta: $3000.- Efectivo\/trasferencia: $2700.-<\/p>\n<p>Ab\u00f3nalo hasta en 12 cuotas sin inter\u00e9s.<\/p>\n<p>Tiempo de produccion de 10 a 15 dias.<\/p>\n<p>_ _ _ _ _ _ _ _ _ _ _ _ _ _ _ _ _ _ _ _ _ _ _ _ _ _ _ _ _ _ _ _ _ _ _<\/p>\n<p>Ten\u00e9s dise\u00f1o, ten\u00e9s industria Argentina<\/p>\n","protected":false},"excerpt":{"rendered":"<p>Panel organizador de escritorio.<\/p>\n<p>Red met\u00e1lica, pintada epoxi blanco o negro.<\/p>\n<p>Medidas: 100 cm x 60 cm.<\/p>\n<p>Medidas de reja entre cuadrados: 10 x 10<\/p>\n<p>Tarjeta: $3000.- Efectivo\/trasferencia: $2700.-<\/p>\n<p>Ab\u00f3nalo hasta en 12 cuotas sin inter\u00e9s.<\/p>\n<p>Tiempo de produccion de 10 a 15 dias.<\/p>\n","protected":false},"featured_media":19815,"comment_status":"open","ping_status":"closed","template":"","meta":{"_joinchat":[]},"product_brand":[],"product_cat":[106,113],"product_tag":[],"class_list":{"0":"post-2470","1":"product","2":"type-product","3":"status-publish","4":"has-post-thumbnail","6":"product_cat-accesorios","7":"product_cat-panel-organizador","9":"first","10":"instock","11":"shipping-taxable","12":"product-type-simple"},"_links":{"self":[{"href":"https:\/\/www.hormigaemergente.com.ar\/2025\/wp-json\/wp\/v2\/product\/2470","targetHints":{"allow":["GET"]}}],"collection":[{"href":"https:\/\/www.hormigaemergente.com.ar\/2025\/wp-json\/wp\/v2\/product"}],"about":[{"href":"https:\/\/www.hormigaemergente.com.ar\/2025\/wp-json\/wp\/v2\/types\/product"}],"replies":[{"embeddable":true,"href":"https:\/\/www.hormigaemergente.com.ar\/2025\/wp-json\/wp\/v2\/comments?post=2470"}],"wp:featuredmedia":[{"embeddable":true,"href":"https:\/\/www.hormigaemergente.com.ar\/2025\/wp-json\/wp\/v2\/media\/19815"}],"wp:attachment":[{"href":"https:\/\/www.hormigaemergente.com.ar\/2025\/wp-json\/wp\/v2\/media?parent=2470"}],"wp:term":[{"taxonomy":"product_brand","embeddable":true,"href":"https:\/\/www.hormigaemergente.com.ar\/2025\/wp-json\/wp\/v2\/product_brand?post=2470"},{"taxonomy":"product_cat","embeddable":true,"href":"https:\/\/www.hormigaemergente.com.ar\/2025\/wp-json\/wp\/v2\/product_cat?post=2470"},{"taxonomy":"product_tag","embeddable":true,"href":"https:\/\/www.hormigaemergente.com.ar\/2025\/wp-json\/wp\/v2\/product_tag?post=2470"}],"curies":[{"name":"wp","href":"https:\/\/api.w.org\/{rel}","templated":true}]}}