{"id":3513,"date":"2021-10-22T19:19:32","date_gmt":"2021-10-22T19:19:32","guid":{"rendered":"http:\/\/hormigaemergente.com.ar\/wp2\/?post_type=product&#038;p=3513"},"modified":"2025-05-13T19:06:39","modified_gmt":"2025-05-13T19:06:39","slug":"mesa-de-luz-pica","status":"publish","type":"product","link":"https:\/\/www.hormigaemergente.com.ar\/2025\/producto\/mesa-de-luz-pica\/","title":{"rendered":"Mesa de Luz Pica"},"content":{"rendered":"<p class=\"p1\"><span class=\"s1\"><span style=\"vertical-align: inherit;\"><span style=\"vertical-align: inherit;\">Mesa de luz, de lineas simples, muy funcional.\u00a0<\/span><\/span><\/span><\/p>\n<p class=\"p1\"><span class=\"s1\"><span style=\"vertical-align: inherit;\"><span style=\"vertical-align: inherit;\">Fabricada en chapa y madera Para\u00edso, la cual le da calidez y equilibrio al dise\u00f1o.<\/span><\/span><\/span><\/p>\n<p><span style=\"vertical-align: inherit;\"><span style=\"vertical-align: inherit;\">Mide 37,5 cm de ancho, 45 cm de prof y 50 cm de alto.<\/span><\/span><\/p>\n<p><strong><u><span style=\"vertical-align: inherit;\"><span style=\"vertical-align: inherit;\">CONDICIONES PARA ALQUILERES:<\/span><\/span><\/u><\/strong><\/p>\n<p><span style=\"vertical-align: inherit;\"><span style=\"vertical-align: inherit;\">*Los montos de alquiler ser\u00e1n de: el 30% del valor total hasta 3 d\u00edas de alquiler y el 40% hasta 5 d\u00edas. <\/span><span style=\"vertical-align: inherit;\">El plazo para el pago es de 7 d\u00edas, pasados \u200b\u200blos mismos, se cobrar\u00e1 un plus del 15%.<\/span><\/span><\/p>\n<p><span style=\"vertical-align: inherit;\"><span style=\"vertical-align: inherit;\">*Condici\u00f3n necesaria dejar un <\/span><\/span><strong><span style=\"vertical-align: inherit;\"><span style=\"vertical-align: inherit;\">cheque de garant\u00eda<\/span><\/span><\/strong><span style=\"vertical-align: inherit;\"><span style=\"vertical-align: inherit;\"> por el <\/span><\/span><strong><span style=\"vertical-align: inherit;\"><span style=\"vertical-align: inherit;\">valor total<\/span><\/span><\/strong><span style=\"vertical-align: inherit;\"><span style=\"vertical-align: inherit;\"> de la mercader\u00eda, que ser\u00e1 <\/span><\/span><strong><span style=\"vertical-align: inherit;\"><span style=\"vertical-align: inherit;\">devuelto al momento del pago<\/span><\/span><\/strong><span style=\"vertical-align: inherit;\"><span style=\"vertical-align: inherit;\"> \u00a0del alquiler. <\/span><span style=\"vertical-align: inherit;\">(de tener danos la misma, seran cobrados)<\/span><\/span><\/p>\n<p><span style=\"vertical-align: inherit;\"><span style=\"vertical-align: inherit;\">* <\/span><\/span><strong><span style=\"vertical-align: inherit;\"><span style=\"vertical-align: inherit;\">Tener en cuenta personal para carga y descarga de la mercader\u00eda<\/span><\/span><\/strong><\/p>\n<p><span style=\"vertical-align: inherit;\"><span style=\"vertical-align: inherit;\">* <\/span><\/span><strong><span style=\"vertical-align: inherit;\"><span style=\"vertical-align: inherit;\">Embalaje, una carga de la productora<\/span><\/span><\/strong><span style=\"vertical-align: inherit;\"><span style=\"vertical-align: inherit;\"> . <\/span><span style=\"vertical-align: inherit;\">En caso de venir sin embalaje, se dejar\u00e1 asentado en el formulario<\/span><\/span><\/p>\n<p><span style=\"vertical-align: inherit;\"><span style=\"vertical-align: inherit;\">20000<\/span><\/span><\/p>\n","protected":false},"excerpt":{"rendered":"<p><span style=\"vertical-align: inherit;\"><span style=\"vertical-align: inherit;\">Mide 37,5 cm de ancho, 45 cm de prof y 50 cm de alto.<\/span><\/span><\/p>\n<p><span style=\"vertical-align: inherit;\"><span style=\"vertical-align: inherit;\">Los montos de alquiler ser\u00e1n de:<\/span><\/span><\/p>\n<p><span style=\"vertical-align: inherit;\"><span style=\"vertical-align: inherit;\">el 30% del valor total hasta 3 d\u00edas de alquiler y el 40% hasta 5 d\u00edas. <\/span><span style=\"vertical-align: inherit;\">El plazo para el pago es de 7 d\u00edas, pasados \u200b\u200blos mismos, se cobrar\u00e1 un plus del 15%.<\/span><\/span><\/p>\n<p>&nbsp;<\/p>\n","protected":false},"featured_media":20012,"comment_status":"open","ping_status":"closed","template":"","meta":{"_joinchat":[]},"product_brand":[],"product_cat":[127,125],"product_tag":[422,419,421,423,420],"class_list":{"0":"post-3513","1":"product","2":"type-product","3":"status-publish","4":"has-post-thumbnail","6":"product_cat-alq-accesorios","7":"product_cat-alquileres","8":"product_tag-cajonera-paraiso","9":"product_tag-esa-de-luz-d-echapa","10":"product_tag-mesa-de-luz-alquiler","11":"product_tag-mesa-de-luz-originales","12":"product_tag-mesa-de-luz-paraiso","14":"first","15":"instock","16":"shipping-taxable","17":"purchasable","18":"product-type-simple"},"_links":{"self":[{"href":"https:\/\/www.hormigaemergente.com.ar\/2025\/wp-json\/wp\/v2\/product\/3513","targetHints":{"allow":["GET"]}}],"collection":[{"href":"https:\/\/www.hormigaemergente.com.ar\/2025\/wp-json\/wp\/v2\/product"}],"about":[{"href":"https:\/\/www.hormigaemergente.com.ar\/2025\/wp-json\/wp\/v2\/types\/product"}],"replies":[{"embeddable":true,"href":"https:\/\/www.hormigaemergente.com.ar\/2025\/wp-json\/wp\/v2\/comments?post=3513"}],"wp:featuredmedia":[{"embeddable":true,"href":"https:\/\/www.hormigaemergente.com.ar\/2025\/wp-json\/wp\/v2\/media\/20012"}],"wp:attachment":[{"href":"https:\/\/www.hormigaemergente.com.ar\/2025\/wp-json\/wp\/v2\/media?parent=3513"}],"wp:term":[{"taxonomy":"product_brand","embeddable":true,"href":"https:\/\/www.hormigaemergente.com.ar\/2025\/wp-json\/wp\/v2\/product_brand?post=3513"},{"taxonomy":"product_cat","embeddable":true,"href":"https:\/\/www.hormigaemergente.com.ar\/2025\/wp-json\/wp\/v2\/product_cat?post=3513"},{"taxonomy":"product_tag","embeddable":true,"href":"https:\/\/www.hormigaemergente.com.ar\/2025\/wp-json\/wp\/v2\/product_tag?post=3513"}],"curies":[{"name":"wp","href":"https:\/\/api.w.org\/{rel}","templated":true}]}}